0 = -3*m + 15. Let j be (-3)/(-15) + 26/s. Let z(n) = -n - 11. Give z(j).
-6
Let l = -15 + 14. Let k(c) = -c**3 + c**2 + c - 1. Let z(i) = -9*i**3 + 2*i**2 + 2*i - 4. Let y(s) = -3*k(s) + z(s). What is y(l)?
5
Suppose 0 = 3*l - 5 - 1. Let h(x) = -x**3 - 2*x**2 + 2 + x**2 - x**l. Let k = -26 - -24. Calculate h(k).
2
Let g(k) be the first derivative of 3*k**4/2 + k + 3. Suppose -30 = -4*t - 8*u + 3*u, 5*t = u + 23. Suppose 0 = 3*f + t - 2. Give g(f).
-5
Let p(g) = -5*g**2 + 6. Let r(h) be the first derivative of -2*h**3 + h**2/2 + 6*h - 2. Let q(d) = 7*p(d) - 6*r(d). Give q(4).
-2
Suppose -2 = u - h - 4, -5*h + 6 = 3*u. Suppose -24 = -u*o - 2*o. Let l(t) = -2*t + 3. What is l(o)?
-9
Let s(x) = x**2 - 7*x. Suppose 5*p - 15 = -4*t, -t - 2*t = p + 8. Let v be (1 - 3)/2 + p. Determine s(v).
-6
Suppose -3*a = 6, 3*a = -2*d + 8*a + 12. Let p(g) = 5*g**2 + g - 1. Calculate p(d).
5
Let k be (-1)/9*-3 - 80/(-12). Let s(p) = -2*p - 2. Calculate s(k).
-16
Let c(g) = -2*g**2 - 4*g - 8. Let a(d) = -1. Let o(w) = -5*a(w) + c(w). What is o(-2)?
-3
Let y = 271/204 + 1/204. Let l(x) be the first derivative of -1/2*x**2 - y*x**3 + 0*x + 2. What is l(1)?
-5
Suppose w + 3*w + 25 = 5*d, -2*d = -2*w - 12. Let t(p) = -p**2 - 3*p + 7. What is t(w)?
-3
Let x(a) = a**3 + 5*a**2 - 8*a - 6. Let y be x(-6). Let c(r) = 3*r - 2*r + 4 - y. Determine c(0).
-2
Let f(c) = -c + 5. Let k = 17 - 23. What is f(k)?
11
Let q(g) = -g**3 - 1. Let o be (-4 - -3)/((-1)/(-2)). Let u be (3/(3/o))/2. Determine q(u).
0
Suppose -7 = -3*f + 8. Let j(x) be the first derivative of 7*x - 2 - 3*x**2 + 1/3*x**3. Give j(f).
2
Let m(d) be the second derivative of -d**4/12 - 2*d**3/3 + d**2 - d + 12. What is m(-3)?
5
Let c(v) = -v**2 + v + 1. Let s = 6 + 1. Let n(t) be the first derivative of -t**3 + 3*t**2/2 + 3*t - 1. Let x(m) = s*c(m) - 2*n(m). Give x(-1).
-1
Let u(j) be the first derivative of 1/4*j**4 + 1/2*j**2 - 3 + 4/3*j**3 + j. What is u(-4)?
-3
Let v = 0 - -6. Let n(z) = 1 - 2*z + v*z - 2 + z**2. Determine n(-3).
-4
Let w(f) = -2*f. Suppose -3*v = -3*m + 30, 3*v - 5*m + 30 = -10. Calculate w(v).
10
Let p(q) be the second derivative of q**6/90 - 5*q**4/12 + 4*q. Let d(x) be the third derivative of p(x). Determine d(-1).
-8
Let b = -15 + 20. Suppose -6*v = -b*v - 6. Let u(f) = -f**3 + 5*f**2 + 4*f. Calculate u(v).
-12
Let x(y) = 2*y + 3. Let f(a) = -a - 1. Let l(c) = -f(c) - x(c). Give l(0).
-2
Let r be ((-8)/6)/((-2)/(-6)). Let y be (r - -5)*(1 - -1). Let z(d) = d - d**3 - y*d - 3*d**3. What is z(-1)?
5
Let s = -2 + 4. Let y(w) be the second derivative of 5*w**3/6 - 3*w**2/2 + 5*w. Give y(s).
7
Let q be ((-9)/6)/((-12)/16). Let x(b) = -5 + b**2 - q*b**2 + 0 + 7*b - 1. Determine x(5).
4
Let m(s) = 646 - 646 - s. Give m(-2).
2
Let a(t) = -2*t**3 + 4*t**2 + 4*t + t**3 + 49 - 46. Calculate a(5).
-2
Let b(r) be the first derivative of r**2 - 3*r + 1. Let o(j) = -j - 2. Let t be o(3). Let u = t - -7. Calculate b(u).
1
Let y(j) be the first derivative of j**2 - 3*j - 2. Let a(k) = -k**3 - k**2 + 2*k + 2. Let n be a(-2). Give y(n).
1
Suppose -5*i + 10 = -0. Suppose 0 = 2*l + 3*d + 8, l - d - 4 = i*l. Let j(g) = -2*g - 1. Determine j(l).
7
Let c(g) = -g**3 + 5*g**2 + 6*g + 2. Let u be c(6). Let j(x) = 2*x**2 + x + 3*x**u - 1 - 2*x**2. Let t = -3 + 4. What is j(t)?
3
Suppose 3 = 3*b - 12. Let g(y) be the third derivative of y**5/60 - y**4/4 + 5*y**3/6 + 5*y**2. What is g(b)?
0
Let n(f) = -f**2 - 3*f. Let o(d) = -d**3 + 4*d**2 + 2*d - 3. Let p be o(4). Let b = 9 - p. Let x(s) = 1. Let k(r) = b*x(r) - n(r). Calculate k(-4).
8
Let o(n) = -n**2 - n + 2. Let v(l) = 5 + 7*l**2 - 4 + 0*l - 2*l. Let b be v(1). Let y be (3/b)/((-1)/4). What is o(y)?
0
Let n(q) be the second derivative of -q**5/20 - 5*q**4/12 - q**3/2 + q + 3. Calculate n(-4).
-4
Let z(i) be the third derivative of -i**6/120 - i**5/12 + i**4/12 + i**3 + 33*i**2. Give z(-5).
-4
Let u(t) = -t + 5. Let j be u(0). Let o(w) = 2*w - 7. Calculate o(j).
3
Let a(r) = r**2 - 11*r + 10. Suppose 0*g = 3*g - 27. Let c be a(g). Let l = c + 5. Let w(y) = -y**2 + 3. Give w(l).
-6
Let f(p) be the second derivative of -4*p - 1/12*p**4 + 5/6*p**3 + p**2 + 0. Let c be f(6). Let m(h) = h**2 + 4*h - 5. What is m(c)?
-5
Let t(p) be the third derivative of 0*p + 1/120*p**6 + 0*p**3 + 0 - 1/12*p**5 + 1/8*p**4 + 3*p**2. What is t(3)?
-9
Let s(u) be the first derivative of -u**4/12 + u**3/6 + 5*u**2/2 - 3. Let n(o) be the second derivative of s(o). What is n(-4)?
9
Let w = 2 - 0. Suppose -w*p = -0*p + 2. Let l(c) = 8*c**3 + c**2 + c. What is l(p)?
-8
Let o(r) = -r + 10. Let q = 25 - 18. Determine o(q).
3
Let d(c) = -3*c**3 + 2*c**2 - 1. Let v be d(1). Let y(g) = g**3 + 4*g**2 + 2*g + 2. Give y(v).
6
Let p(w) = -w**2 - 9*w + 7. Let z(u) = -3*u**2 + 3*u**2 + u**2 + 2*u**2 + 18*u - 13. Let d(r) = 5*p(r) + 2*z(r). Calculate d(6).
-9
Let b(m) = m**3 + m**2 - 3*m + 4. Suppose 4*o + 8 = -4. What is b(o)?
-5
Suppose -3*n - 1 = -16. Let q(t) = t**3 - 6*t**2 + 5*t + 7. Calculate q(n).
7
Let x(n) = -n - 19. Let v(i) = -i - 13. Let f(p) = -7*v(p) + 5*x(p). Calculate f(3).
2
Let h(j) = -j**3 - 6*j**2 + 2*j + 8. Suppose -3*a - 2*k - 8 = 0, 4*a + 0*k = 5*k - 49. Give h(a).
-4
Let j = -4 + 2. Let r(n) = -2*n**3 - 3*n**2 + n + 2. Let w be r(j). Let l(x) = x - 5. What is l(w)?
-1
Let x(j) = 74*j**2 - j - 4 - 5 - j**3 - 81*j**2. Give x(-7).
-2
Let d(l) be the first derivative of -4*l**2 + 4. Calculate d(1).
-8
Let x(b) = 6 + b + 6*b + 2*b + 3*b**2 + 4*b**2. Let k(z) = 13*z**2 + 17*z + 11. Let y(o) = 6*k(o) - 11*x(o). Determine y(-4).
4
Let f(l) = -l + 6. Let d(y) = y + 8. Let z be d(0). Give f(z).
-2
Let o be ((-2)/4)/(-1)*4. Suppose 3*j - 36 = -5*k, 3 = o*j - 1. Let b(s) = s**2 - 7*s + 9. What is b(k)?
3
Let t(n) = n**2 - n - 4. Let d be t(3). Suppose b + 1 = d*b. Let k(f) be the third derivative of f**6/30 + f**5/60 - f**4/24 + f**3/6 + f**2. Give k(b).
5
Let w(f) = -f**3 + 6*f**2 + 8*f - 2. Let p be w(7). Suppose p = 2*n - 7. Let o(l) = n*l**2 + 6 - l**2 - 4*l**2 - 5*l. Determine o(4).
2
Let h = -19 - 3. Let n(s) = 16*s + 1. Let w(c) = 2*c + 0*c + c + 0*c. Let l(o) = h*w(o) + 4*n(o). Give l(4).
-4
Suppose -2*m = -7*m + 25. Let l = m - 3. Let t(s) = -s**3 + 8*s + 5*s**l - 11 - 2*s + 10. What is t(6)?
-1
Suppose -2*r + 6 = -4. Let f(j) = -2*j + 5 - r. Determine f(-2).
4
Let q(f) = f - 1. Let l be q(3). Let u(b) = 2*b + 0*b + 0*b - b - l. Determine u(4).
2
Let o(t) = t**2 - 2*t. Let f be o(2). Suppose 3*q - 3 + 25 = 5*m, 4*q = 5*m - 26. Let d(h) = -5*h + m - 1 + f*h. What is d(1)?
-4
Let o be ((-50)/20)/(3/(-9)*5). Let r(q) be the first derivative of q + 4 + o*q**2 + 1/3*q**3 - 1/4*q**4. Calculate r(-2).
7
Let j(y) = -2*y + 2. Suppose 10 = -5*k - 0. Let z = 4 + k. Suppose 3*l = -o - 2, 0 = 2*o - 3*l - z*l - 18. Determine j(o).
-6
Let i = 11 + -8. Let p(r) = -2*r**2 + r**2 - 3*r + 2 + 5*r. What is p(i)?
-1
Let u(p) = -p**2 - 5*p - 1. Suppose 0 = 5*t - 0 + 15. Calculate u(t).
5
Suppose 5*b - 10 - 15 = 0. Suppose n + 0 = -b. Let d(g) = g + 5. Determine d(n).
0
Let a(c) = -3*c - 1. Let b be -9 + ((-12)/3 - -2). Let l = -8 - b. Let h be -1 + -3*(2 - l). What is a(h)?
-7
Let h(y) be the second derivative of y**3/3 - y**2/2 + 25*y. What is h(-4)?
-9
Suppose 2*n + n = 36. Suppose 5*q = q - n. Let b(v) be the first derivative of v**4/4 + 2*v**3/3 + v**2/2 + 3*v - 4. Give b(q).
-9
Let v(x) = -x**2 + 3*x - 1. Suppose 2*a - 6 = -2. Suppose -a*c + 9 = c. Determine v(c).
-1
Let n(d) = -d. Let h be n(1). Let q be (1/1)/(1/h). Let k(w) = 12*w + 7. Let c(f) = -23*f - 13. Let m(r) = 6*c(r) + 11*k(r). Determine m(q).
5
Let v(q) = q**3 - 5*q**2 - q + 6. Suppose 9 = 3*h + w - 4, 0 = -2*h + 5*w + 37. Suppose k - h*k = -25. Calculate v(k).
1
Let r = -26 - -21. Let d(j) = -j**2 - 5*j - 5. Determine d(r).
-5
Let t(d) = -2*d + 3. Let f(j) = -j + 3. Suppose -3*s - s = -24. Let i(w) = s*t(w) - 7*f(w). Calculate i(-2).
7
Let u(p) = -p**3 - 7*p**2 + p - 2. Let y(h) = h**3 + 12*h**2 + 2*h + 17. Let z be y(-12). Give u(z).
-9
Let t(h) be the second derivative of 0 + 1/20*h**5 - 3*h**2 - h**3 - 1/2*h**4 + 2*h. Give t(7).
1
Let s(o) = -2*o - 2. Let j(w) = -w**3 - 8*w**2 - 4*w - 2. Let d(x) = -x**3 - 7*x**2 - 4*x - 2. Let t(m) = -3*d(m) + 2*j(m). Let a be t(-4). Determine s(a).
-6
Suppose -g - g = 0. Let f be -1 - (0 + (2